{"id":15,"date":"2016-05-03T09:45:51","date_gmt":"2016-05-03T09:45:51","guid":{"rendered":"http:\/\/beacon.themerex.net\/?page_id=15"},"modified":"2024-04-08T02:34:33","modified_gmt":"2024-04-08T02:34:33","slug":"our-team","status":"publish","type":"page","link":"https:\/\/urnassaogoncalo.com.br\/index.php\/our-team\/","title":{"rendered":"Nosso Time"},"content":{"rendered":"<div class=\"wpb-content-wrapper\"><p>[vc_row][vc_column]<div class=\"columns_wrap sc_columns columns_fluid sc_columns_count_2 margin_top_null margin_bottom_huge\"><div class=\"column-1_2 sc_column_item sc_column_item_1 odd first\"><blockquote cite=\"#\" class=\"sc_quote\"><p>Vender n\u00e3o \u00e9 apenas uma transa\u00e7\u00e3o comercial, \u00e9 a arte de entender as necessidades do cliente e oferecer solu\u00e7\u00f5es que transformem suas vidas. \u00c9 sobre construir relacionamentos baseados na confian\u00e7a e no comprometimento com a excel\u00eancia. Por isso, estamos aqui para oferecer n\u00e3o apenas produtos, mas experi\u00eancias que superem expectativas e criem la\u00e7os duradouros. Seja bem-vindo \u00e0 nossa jornada de vendas, onde cada intera\u00e7\u00e3o \u00e9 uma oportunidade de encantar e inspirar.<\/p><p class=\"sc_quote_title\"><a href=\"#\">Chavianato, Alberto<\/a><\/p><\/blockquote><\/div><div class=\"column-1_2 sc_column_item sc_column_item_2 even\"><figure class=\"sc_image  sc_image_shape_square\"><img decoding=\"async\" src=\"https:\/\/urnassaogoncalo.com.br\/wp-content\/uploads\/2024\/04\/vendas.jpg\" alt=\"\" \/><\/figure><\/div><\/div>[vc_empty_space height=&#8221;1em&#8221;][\/vc_column][\/vc_row][vc_row full_width=&#8221;stretch_row&#8221; css=&#8221;.vc_custom_1462352440119{background-color: #f7f4eb !important;}&#8221;][vc_column][vc_empty_space height=&#8221;1.2em&#8221;]<h4 class=\"sc_title sc_title_divider sc_align_center margin_top_huge margin_bottom_medium\" style=\"text-align:center;\"><span class=\"sc_title_divider_before\"><\/span>Membros do Time<span class=\"sc_title_divider_after\"><\/span><\/h4><div id=\"sc_team_1992291315_wrap\" class=\"sc_team_wrap\"><div id=\"sc_team_1992291315\" class=\"sc_team sc_team_style_team-1  margin_top_medium margin_bottom_custom aligncenter\" style=\"width:100%;\"><div class=\"sc_slider_swiper swiper-slider-container sc_slider_nopagination sc_slider_nocontrols sc_slider_height_auto\" data-interval=\"2000\" data-slides-per-view=\"3\" data-slides-min-width=\"250\"><div class=\"slides swiper-wrapper\"><div class=\"swiper-slide\" data-style=\"width:100%;\" style=\"width:100%;\">\t\t\t<div id=\"sc_team_1992291315_1\"\t\t\t\tclass=\"sc_team_item sc_team_item_1 odd first\"\n\t\t\t\t>\n\t\t\t\t<div class=\"sc_team_item_avatar\"><\/div>\n\t\t\t\t<div class=\"sc_team_item_info\">\n\t\t\t\t\t<h5 class=\"sc_team_item_title\"><a href=\"https:\/\/urnassaogoncalo.com.br\/index.php\/team\/gerente-de-vendas\/\">Jos\u00e9 Maria<\/a><\/h5>\n\t\t\t\t\t<div class=\"sc_team_item_position\">Gerente de vendas<\/div>\n\t\t\t\t\t<div class=\"sc_team_item_description\">Jos\u00e9 Maria (Gerente de vendas) (75) 99135-9224 \/ 98119-9000<\/div>\n                    <div class=\"sc_team_button\">\n                        <a href=\"https:\/\/urnassaogoncalo.com.br\/index.php\/team\/gerente-de-vendas\/\">Learn more<\/a>                    <\/div>\n\n\t\t\t\t<\/div>\n\t\t\t<\/div>\n\t\t<\/div><div class=\"swiper-slide\" data-style=\"width:100%;\" style=\"width:100%;\">\t\t\t<div id=\"sc_team_1992291315_2\"\t\t\t\tclass=\"sc_team_item sc_team_item_2 even\"\n\t\t\t\t>\n\t\t\t\t<div class=\"sc_team_item_avatar\"><\/div>\n\t\t\t\t<div class=\"sc_team_item_info\">\n\t\t\t\t\t<h5 class=\"sc_team_item_title\"><a href=\"https:\/\/urnassaogoncalo.com.br\/index.php\/team\/sandro-torres\/\">Sandro Torres<\/a><\/h5>\n\t\t\t\t\t<div class=\"sc_team_item_position\">Representante<\/div>\n\t\t\t\t\t<div class=\"sc_team_item_description\">Sandro torres (85) 99605-5767 \u00c1rea de atua\u00e7\u00e3o : Cear\u00e1 \/ Rio Grande do Norte<\/div>\n                    <div class=\"sc_team_button\">\n                        <a href=\"https:\/\/urnassaogoncalo.com.br\/index.php\/team\/sandro-torres\/\">Learn more<\/a>                    <\/div>\n\n\t\t\t\t<\/div>\n\t\t\t<\/div>\n\t\t<\/div><div class=\"swiper-slide\" data-style=\"width:100%;\" style=\"width:100%;\">\t\t\t<div id=\"sc_team_1992291315_3\"\t\t\t\tclass=\"sc_team_item sc_team_item_3 odd\"\n\t\t\t\t>\n\t\t\t\t<div class=\"sc_team_item_avatar\"><\/div>\n\t\t\t\t<div class=\"sc_team_item_info\">\n\t\t\t\t\t<h5 class=\"sc_team_item_title\"><a href=\"https:\/\/urnassaogoncalo.com.br\/index.php\/team\/gedson-pinto\/\">Gedson Pinto<\/a><\/h5>\n\t\t\t\t\t<div class=\"sc_team_item_position\">Representante<\/div>\n\t\t\t\t\t<div class=\"sc_team_item_description\">Gedson Pinto (75) 98181-6760\u00a0 \u00a0\/\u00a0 \u00a098132-8676 \u00c1rea de atua\u00e7\u00e3o : Maranh\u00e3o \/ Piau\u00ed \/ Par\u00e1 &nbsp;<\/div>\n                    <div class=\"sc_team_button\">\n                        <a href=\"https:\/\/urnassaogoncalo.com.br\/index.php\/team\/gedson-pinto\/\">Learn more<\/a>                    <\/div>\n\n\t\t\t\t<\/div>\n\t\t\t<\/div>\n\t\t<\/div><div class=\"swiper-slide\" data-style=\"width:100%;\" style=\"width:100%;\">\t\t\t<div id=\"sc_team_1992291315_4\"\t\t\t\tclass=\"sc_team_item sc_team_item_4 even\"\n\t\t\t\t>\n\t\t\t\t<div class=\"sc_team_item_avatar\"><\/div>\n\t\t\t\t<div class=\"sc_team_item_info\">\n\t\t\t\t\t<h5 class=\"sc_team_item_title\"><a href=\"https:\/\/urnassaogoncalo.com.br\/index.php\/team\/759\/\">Filadelfo J\u00fanior<\/a><\/h5>\n\t\t\t\t\t<div class=\"sc_team_item_position\">Representante<\/div>\n\t\t\t\t\t<div class=\"sc_team_item_description\">Filadelfo J\u00fanior (75) 98176-7776 \u00c1rea de atua\u00e7\u00e3o : Bahia<\/div>\n                    <div class=\"sc_team_button\">\n                        <a href=\"https:\/\/urnassaogoncalo.com.br\/index.php\/team\/759\/\">Learn more<\/a>                    <\/div>\n\n\t\t\t\t<\/div>\n\t\t\t<\/div>\n\t\t<\/div><div class=\"swiper-slide\" data-style=\"width:100%;\" style=\"width:100%;\">\t\t\t<div id=\"sc_team_1992291315_5\"\t\t\t\tclass=\"sc_team_item sc_team_item_5 odd\"\n\t\t\t\t>\n\t\t\t\t<div class=\"sc_team_item_avatar\"><\/div>\n\t\t\t\t<div class=\"sc_team_item_info\">\n\t\t\t\t\t<h5 class=\"sc_team_item_title\"><a href=\"https:\/\/urnassaogoncalo.com.br\/index.php\/team\/758\/\">Jos\u00e9 Vicente<\/a><\/h5>\n\t\t\t\t\t<div class=\"sc_team_item_position\">Representante<\/div>\n\t\t\t\t\t<div class=\"sc_team_item_description\">Jos\u00e9 Vicente (75) 99867-5283 \u00c1rea de atua\u00e7\u00e3o : Goi\u00e1s \/ Minas Gerais e Sergipe<\/div>\n                    <div class=\"sc_team_button\">\n                        <a href=\"https:\/\/urnassaogoncalo.com.br\/index.php\/team\/758\/\">Learn more<\/a>                    <\/div>\n\n\t\t\t\t<\/div>\n\t\t\t<\/div>\n\t\t<\/div><div class=\"swiper-slide\" data-style=\"width:100%;\" style=\"width:100%;\">\t\t\t<div id=\"sc_team_1992291315_6\"\t\t\t\tclass=\"sc_team_item sc_team_item_6 even\"\n\t\t\t\t>\n\t\t\t\t<div class=\"sc_team_item_avatar\"><\/div>\n\t\t\t\t<div class=\"sc_team_item_info\">\n\t\t\t\t\t<h5 class=\"sc_team_item_title\"><a href=\"https:\/\/urnassaogoncalo.com.br\/index.php\/team\/757\/\">Edvaldo Veloso<\/a><\/h5>\n\t\t\t\t\t<div class=\"sc_team_item_position\">Representante<\/div>\n\t\t\t\t\t<div class=\"sc_team_item_description\">Edvaldo Veloso (75) 98220-5600 \u00c1rea de atua\u00e7\u00e3o : Alagoas \/ Pernambuco \/ Para\u00edba \/ Rio Grande do Norte &nbsp;<\/div>\n                    <div class=\"sc_team_button\">\n                        <a href=\"https:\/\/urnassaogoncalo.com.br\/index.php\/team\/757\/\">Learn more<\/a>                    <\/div>\n\n\t\t\t\t<\/div>\n\t\t\t<\/div>\n\t\t<\/div><\/div><div class=\"sc_slider_controls_wrap\"><a class=\"sc_slider_prev\" href=\"#\"><\/a><a class=\"sc_slider_next\" href=\"#\"><\/a><\/div><div class=\"sc_slider_pagination_wrap\"><\/div><\/div><\/div><!-- \/.sc_team --><\/div><!-- \/.sc_team_wrap -->[\/vc_column][\/vc_row]<\/p>\n<\/div>","protected":false},"excerpt":{"rendered":"<p>[vc_row][vc_column][vc_empty_space height=&#8221;1em&#8221;][\/vc_column][\/vc_row][vc_row full_width=&#8221;stretch_row&#8221; css=&#8221;.vc_custom_1462352440119{background-color: #f7f4eb !important;}&#8221;][vc_column][vc_empty_space height=&#8221;1.2em&#8221;][\/vc_column][\/vc_row]<\/p>\n","protected":false},"author":1,"featured_media":0,"parent":0,"menu_order":0,"comment_status":"closed","ping_status":"closed","template":"","meta":{"footnotes":""},"class_list":["post-15","page","type-page","status-publish","hentry"],"_links":{"self":[{"href":"https:\/\/urnassaogoncalo.com.br\/index.php\/wp-json\/wp\/v2\/pages\/15","targetHints":{"allow":["GET"]}}],"collection":[{"href":"https:\/\/urnassaogoncalo.com.br\/index.php\/wp-json\/wp\/v2\/pages"}],"about":[{"href":"https:\/\/urnassaogoncalo.com.br\/index.php\/wp-json\/wp\/v2\/types\/page"}],"author":[{"embeddable":true,"href":"https:\/\/urnassaogoncalo.com.br\/index.php\/wp-json\/wp\/v2\/users\/1"}],"replies":[{"embeddable":true,"href":"https:\/\/urnassaogoncalo.com.br\/index.php\/wp-json\/wp\/v2\/comments?post=15"}],"version-history":[{"count":4,"href":"https:\/\/urnassaogoncalo.com.br\/index.php\/wp-json\/wp\/v2\/pages\/15\/revisions"}],"predecessor-version":[{"id":914,"href":"https:\/\/urnassaogoncalo.com.br\/index.php\/wp-json\/wp\/v2\/pages\/15\/revisions\/914"}],"wp:attachment":[{"href":"https:\/\/urnassaogoncalo.com.br\/index.php\/wp-json\/wp\/v2\/media?parent=15"}],"curies":[{"name":"wp","href":"https:\/\/api.w.org\/{rel}","templated":true}]}}